 multiple of 108?
False
Is 900632 a multiple of 412?
True
Is 26659 a multiple of 156?
False
Is 2046936 a multiple of 2076?
True
Does 694 divide 4589240?
False
Is 12 a factor of 178211?
False
Is 874 a factor of 4023582?
False
Does 301 divide 40936?
True
Does 15 divide 123195?
True
Does 207 divide 89010?
True
Is 53 a factor of 22631?
True
Does 628 divide 15027940?
False
Is 32299 a multiple of 7?
False
Does 268 divide 981105?
False
Does 48 divide 12493488?
True
Is 1218 a factor of 1300824?
True
Is 8 a factor of 147648?
True
Does 21 divide 237258?
True
Does 48 divide 440832?
True
Is 131397 a multiple of 21?
True
Does 3 divide 34113?
True
Does 1359 divide 4676319?
True
Does 167 divide 3611542?
True
Is 5646411 a multiple of 12?
False
Is 3 a factor of 1430744?
False
Is 496 a factor of 4273301?
False
Is 19523578 a multiple of 204?
False
Is 254628 a multiple of 396?
True
Does 68 divide 105407?
False
Is 36208 a multiple of 62?
True
Does 160 divide 216780?
False
Does 65 divide 9842853?
False
Does 14 divide 197682?
False
Is 202 a factor of 2010506?
True
Is 43 a factor of 903400?
False
Is 101 a factor of 103525?
True
Is 6992 a multiple of 76?
True
Is 945842 a multiple of 12?
False
Is 317990 a multiple of 131?
False
Does 167 divide 50430?
False
Is 1430548 a multiple of 67?
False
Is 180810 a multiple of 35?
True
Is 381976 a multiple of 451?
False
Is 16239665 a multiple of 577?
True
Is 137638 a multiple of 69?
False
Is 324016 a multiple of 112?
True
Is 1123868 a multiple of 43?
False
Is 1503084 a multiple of 132?
True
Is 30708 a multiple of 68?
False
Does 42 divide 82530?
True
Does 263 divide 57334?
True
Is 9 a factor of 19783?
False
Is 210990 a multiple of 722?
False
Does 378 divide 2797629?
False
Is 107 a factor of 1094182?
True
Is 40 a factor of 3041800?
True
Is 166404 a multiple of 383?
False
Does 61 divide 479338?
True
Does 103 divide 1609684?
True
Does 81 divide 1096725?
False
Is 4285733 a multiple of 64?
False
Is 394 a factor of 3028080?
False
Is 58 a factor of 36083?
False
Is 4269 a multiple of 3?
True
Is 2 a factor of 2902?
True
Does 62 divide 177422?
False
Does 22 divide 253418?
True
Does 12 divide 31072574?
False
Does 10 divide 833065?
False
Is 3427315 a multiple of 43?
True
Does 17 divide 498654?
False
Does 6 divide 83418?
True
Is 263 a factor of 33504780?
False
Is 196882 a multiple of 7?
True
Is 1631988 a multiple of 27?
True
Does 34 divide 1892304?
True
Does 32 divide 467572?
False
Is 13617555 a multiple of 371?
True
Is 160 a factor of 331378?
False
Does 209 divide 1169233?
False
Does 66 divide 1249096?
False
Does 379 divide 1367811?
True
Does 7 divide 55503?
True
Is 55678 a multiple of 287?
True
Is 2 a factor of 692440?
True
Does 412 divide 271508?
True
Is 99583 a multiple of 121?
True
Does 7 divide 618065?
True
Does 48 divide 2402133?
False
Is 1059892 a multiple of 29?
True
Is 246 a factor of 249690?
True
Is 16 a factor of 2643349?
False
Is 15 a factor of 10518783?
False
Is 2707650 a multiple of 10?
True
Is 3225111 a multiple of 831?
True
Is 176289 a multiple of 322?
False
Is 279400 a multiple of 42?
False
Is 11072 a multiple of 27?
False
Is 171860 a multiple of 5?
True
Does 7 divide 1448671?
True
Does 68 divide 3264?
True
Is 27 a factor of 73440?
True
Is 33 a factor of 617343?
False
Is 9541573 a multiple of 1061?
True
Is 110 a factor of 3627470?
True
Does 23 divide 4647219?
True
Is 171730 a multiple of 18?
False
Is 1125998 a multiple of 14?
False
Does 31 divide 26964545?
False
Is 271795 a multiple of 14?
False
Is 2237281 a multiple of 71?
True
Is 10631760 a multiple of 620?
True
Is 67 a factor of 47558?
False
Does 10 divide 245907?
False
Is 21 a factor of 5514957?
True
Is 960975 a multiple of 25?
True
Is 1311552 a multiple of 324?
True
Is 961 a factor of 9023790?
True
Is 95 a factor of 62130?
True
Is 13 a factor of 5626946?
True
Is 7 a factor of 71022?
True
Is 2077368 a multiple of 47?
False
Is 614942 a multiple of 224?
False
Is 702060 a multiple of 139?
False
Is 29926248 a multiple of 88?
True
Is 1498788 a multiple of 51?
True
Does 237 divide 70304?
False
Is 22419 a multiple of 2?
False
Is 4586947 a multiple of 12?
False
Is 3820356 a multiple of 38?
False
Does 8 divide 30824?
True
Is 76 a factor of 1473460?
False
Is 10 a factor of 39710?
True
Is 71 a factor of 188207?
False
Is 13 a factor of 91507?
True
Is 133299 a multiple of 353?
False
Is 12 a factor of 14852904?
True
Is 4 a factor of 587372?
True
Is 49 a factor of 46849?
False
Does 273 divide 273828?
False
Is 188 a factor of 2475584?
True
Is 1297906 a multiple of 548?
False
Is 5544843 a multiple of 667?
False
Does 3 divide 569768?
False
Is 18173001 a multiple of 521?
True
Is 55 a factor of 856504?
False
Is 97 a factor of 82755?
False
Is 208630 a multiple of 49?
False
Is 27 a factor of 316197?
True
Is 92513 a multiple of 71?
True
Is 21 a factor of 129948?
True
Is 444664 a multiple of 8?
True
Is 145708 a multiple of 16?
False
Does 83 divide 277382?
False
Is 490160 a multiple of 54?
False
Is 418 a factor of 2979086?
True
Is 87 a factor of 25220082?
True
Does 17 divide 637721?
True
Is 191599 a multiple of 29?
False
Does 4 divide 58518?
False
Is 283 a factor of 7952300?
True
Is 14094 a multiple of 18?
True
Does 159 divide 226394?
False
Does 3 divide 9116?
False
Does 32 divide 128416?
True
Is 3149119 a multiple of 424?
False
Is 6926007 a multiple of 11?
True
Is 12506095 a multiple of 35?
True
Does 17 divide 227838?
False
Is 55 a factor of 3970473?
False
Is 1198788 a multiple of 849?
True
Does 1270 divide 6901180?
True
Does 42 divide 2992080?
True
Does 41 divide 48621?
False
Does 2 divide 730294?
True
Is 713 a factor of 647916?
False
Is 1292853 a multiple of 123?
True
Does 7 divide 191009?
True
Is 10 a factor of 6259293?
False
Is 507771 a multiple of 223?
True
Is 4211893 a multiple of 49?
True
Is 10 a factor of 178000?
True
Does 20 divide 7289591?
False
Is 830 a factor of 217460?
True
Is 23212 a multiple of 28?
True
Is 428940 a multiple of 44?
False
Is 194 a factor of 1357934?
False
Is 369 a factor of 46125?
True
Does 141 divide 2487187?
False
Does 184 divide 1245994?
False
Does 49 divide 323743?
True
Does 215 divide 861676?
False
Does 446 divide 5167681?
False
Does 18 divide 855264?
False
Is 161 a factor of 919641?
False
Does 14 divide 363706?
True
Is 562189 a multiple of 153?
False
Is 9 a factor of 37314?
True
Is 27084 a multiple of 32?
False
Is 209 a factor of 1481183?
True
Is 51700 a multiple of 20?
True
Is 380 a factor of 3693696?
False
Does 16 divide 13371?
False
Is 701 a factor of 15180721?
False
Is 5635566 a multiple of 18?
True
Is 2053520 a multiple of 35?
True
Is 242675 a multiple of 17?
True
Is 198 a factor of 1857834?
True
Is 49 a factor of 430857?
True
Is 143 a factor of 2616256?
False
Is 15 a factor of 4991793?
False
Does 101 divide 386037?
False
Does 31 divide 378284?
False
Is 146804 a multiple of 28?
True
Is 91 a factor of 850538?
False
Is 612248 a multiple of 841?
True
Is 64 a factor of 11148124?
False
Is 200 a factor of 1854800?
True
Does 207 divide 2826378?
True
Is 15844562 a multiple of 49?
False
Does 350 divide 813398?
False
Is 24728 a multiple of 88?
True
Is 92 a factor of 297252?
True
Is 887264 a multiple of 932?
True
Does 2 divide 430629?
False
Does 45 divide 372799?
False
Does 375 divide 761250?
True
Does 66 divide 8759?
False
Does 92 divide 3357133?
False
Does 307 divide 8878747?
True
Does 27 divide 569403?
True
Does 11 divide 2045893?
False
Is 37 a factor of 32116?
True
Does 32 divide 4866?
False
Is 861 a factor of 1199373?
True
Is 242 a factor of 566764?
True
Is 72 a factor of 282384?
True
Does 84 divide 11474336?
False
Is 114815 a multiple of 450?
False
Is 57 a factor of 164582?
False
Is 67 a factor of 202147?
False
Does 112 divide 11130515?
False
Is 11 a factor of 1212?
False
Does 5 divide 230031?
False
Is 211307 a multiple of 33?
False
Is 632 a factor of 1616656?
True
Is 64 a factor of 291328?
True
Does 73 divide 4918010?
True
Is 67 a factor of 671198?
False
Does 13 divide 18439325?
False
Is 560520 a multiple of 173?
True
Does 142 divide 49558?
True
Is 2 a factor of 1743052?
True
Is 41540 a multiple of 134?
True
Is 38 a factor of 484158?
True
Is 14 a factor of 4844?
True
Does 73 divide 1219611?
True
Does 85 divide 5309357?
False
Does 156 divide 169624?
False
D